{"id":1288,"date":"2017-05-19T08:35:27","date_gmt":"2017-05-19T07:35:27","guid":{"rendered":"http:\/\/foto-spuren.de\/?page_id=1288"},"modified":"2025-11-07T13:32:08","modified_gmt":"2025-11-07T12:32:08","slug":"syros","status":"publish","type":"page","link":"https:\/\/foto-spuren.de\/?page_id=1288","title":{"rendered":"Syros"},"content":{"rendered":"<div id=\"attachment_2384\" style=\"width: 2570px\" class=\"wp-caption alignleft\"><a href=\"https:\/\/home-katerphoto.de\/wp-content\/uploads\/2025\/08\/610_7334_cr-scaled.jpg\"><img loading=\"lazy\" decoding=\"async\" aria-describedby=\"caption-attachment-2384\" class=\"size-full wp-image-2384\" src=\"https:\/\/home-katerphoto.de\/wp-content\/uploads\/2025\/08\/610_7334_cr-scaled.jpg\" alt=\"\" width=\"2560\" height=\"1440\" srcset=\"https:\/\/home-katerphoto.de\/wp-content\/uploads\/2025\/08\/610_7334_cr-scaled.jpg 2560w, https:\/\/home-katerphoto.de\/wp-content\/uploads\/2025\/08\/610_7334_cr-480x270.jpg 480w, https:\/\/home-katerphoto.de\/wp-content\/uploads\/2025\/08\/610_7334_cr-1024x576.jpg 1024w, https:\/\/home-katerphoto.de\/wp-content\/uploads\/2025\/08\/610_7334_cr-160x90.jpg 160w, https:\/\/home-katerphoto.de\/wp-content\/uploads\/2025\/08\/610_7334_cr-1536x864.jpg 1536w, https:\/\/home-katerphoto.de\/wp-content\/uploads\/2025\/08\/610_7334_cr-2048x1152.jpg 2048w\" sizes=\"auto, (max-width: 2560px) 100vw, 2560px\" \/><\/a><p id=\"caption-attachment-2384\" class=\"wp-caption-text\">All rights: Lothar Hoppen<\/p><\/div>\n<h3><a href=\"https:\/\/home-katerphoto.de\/wp-content\/uploads\/2025\/08\/Flyer_Syros_2.jpg\">Flyer_Seite2&nbsp;<\/a>&nbsp; <a href=\"https:\/\/home-katerphoto.de\/wp-content\/uploads\/2025\/08\/Flyer_Syros_1.jpg\">Flyer_Seite1<\/a> <a href=\"https:\/\/foto-spuren.de\/?page_id=3515\">Fotogallerie<\/a><\/h3>\n<h2 style=\"text-align: center;\">SYROS: &nbsp;modern &#8211; griechisch &#8211; unbekannt<\/h2>\n<p style=\"text-align: justify;\">Wie ein riesiges Amphitheater stapeln sich die H\u00e4user von Ermoupolis und Ano Syros den Berg hinauf. Diese Kulisse ist beeindruckend. F\u00fcr viele Reisende ist dies jedoch der einzige Einblick in diese Insel. Denn sie sind mit der F\u00e4hre unterwegs zu den \u00fcblichen Touristeninseln. Syros kennen sie nur vom Vorbeifahren. Dabei hat die Hauptinsel der Kykladen sehr viel zu bieten. Herrliche Sandstr\u00e4nde, reizvolle Wanderstrecken und ein \u00fcppiges Angebot an kulturellen Events. Nahe den malerischen Buchten und den sch\u00f6nen Str\u00e4nden gibt es komfortable Hotels und viele famili\u00e4re Unterk\u00fcnfte anstatt Hotelburgen. Die Tavernen bieten ausgezeichnete traditionelle und internationale K\u00fcche an. Und insgesamt ist hier alles etwas ruhiger. In Ano Syros, der mittelalterlichen Festung, scheint die Zeit stehengeblieben zu sein. Keine Souvenirl\u00e4den, keine plakative Werbung. Alles steht unter Denkmalschutz. Und \u00fcberall ist der Geist von Markos Vamvakaris gegenw\u00e4rt. Hier wurde der ber\u00fchmte Rembetiko Spieler und Komponist geboren.<br \/>\nSyros ist jedoch vor allem gepr\u00e4gt durch seinen Hauptort, Ermoupolis. Keine andere Insel in der \u00c4g\u00e4is hat so viele neoklassizistische Geb\u00e4ude. Das monumentale Rathaus w\u00fcrde man eher in Athen vermuten, und das schmucke Theater, von dem viele sagen, es w\u00e4re die kleine Mail\u00e4nder Skala, wirbt mit einem internationalen Programm. Beeindruckend vielf\u00e4ltig ist das Kulturangebot der Stadt. Es ist eine kleine Metropole, in der das ganze Jahr \u00fcber das gesellschaftliche Leben pulsiert. Den Winterblues der umliegenden Touristeninseln kennt man hier nicht.<br \/>\nDer Vortrag zeigt mit phantastischen Fotos\/Videos die Besonderheiten der Insel, die gelebten Br\u00e4uche und die sch\u00f6ne Landschaft. Auch die Entstehung der Stadt Ermoupolis und das gemeinschaftliche Leben auf einer Insel, die zu 50% katholisch ist, werden ausf\u00fchrlich beschrieben.<\/p>\n<p><a href=\"https:\/\/home-katerphoto.de\/wp-content\/uploads\/2025\/11\/Syros-in-Duesseldorf-scaled.jpg\"><img loading=\"lazy\" decoding=\"async\" class=\"alignleft size-full wp-image-3572\" src=\"https:\/\/home-katerphoto.de\/wp-content\/uploads\/2025\/11\/Syros-in-Duesseldorf-scaled.jpg\" alt=\"\" width=\"2560\" height=\"1440\" srcset=\"https:\/\/home-katerphoto.de\/wp-content\/uploads\/2025\/11\/Syros-in-Duesseldorf-scaled.jpg 2560w, https:\/\/home-katerphoto.de\/wp-content\/uploads\/2025\/11\/Syros-in-Duesseldorf-480x270.jpg 480w, https:\/\/home-katerphoto.de\/wp-content\/uploads\/2025\/11\/Syros-in-Duesseldorf-1024x576.jpg 1024w, https:\/\/home-katerphoto.de\/wp-content\/uploads\/2025\/11\/Syros-in-Duesseldorf-160x90.jpg 160w, https:\/\/home-katerphoto.de\/wp-content\/uploads\/2025\/11\/Syros-in-Duesseldorf-1536x864.jpg 1536w, https:\/\/home-katerphoto.de\/wp-content\/uploads\/2025\/11\/Syros-in-Duesseldorf-2048x1152.jpg 2048w\" sizes=\"auto, (max-width: 2560px) 100vw, 2560px\" \/><\/a><\/p>\n<h2>Termine:<\/h2>\n<p>15. November 2017, Deutsch-Griechischer-Verein, M\u00fclheim a.d.Ruhr <a href=\"http:\/\/www.dgv-mh.de\/ueberuns.htm\">Infos<\/a><br \/>\n18. November 2017, Deutsch-Griechische-Gesellschaft, B\u00f6blingen, <a href=\"http:\/\/www.dgg-bb.de\/\">Infos<\/a><br \/>\n19. November 2017, Deutsch-Griechische-Gesellschaft, T\u00fcbingen, <a href=\"http:\/\/dgg-tue-rt.de\/\">Infos<\/a><br \/>\n22. November 2017, Deutsch-Griechischer Studienclub, VHS Essen, <a href=\"https:\/\/vhs-programm.essen.de\/webbasys\/index.php?kathaupt=1&amp;katid=57&amp;katvaterid=21&amp;katname=Exkursionen+und+Landeskunde\">Infos<\/a><br \/>\n14. Januar 2018, POP &#8211; K\u00f6ln, Melanchton Akademie, <a href=\"http:\/\/pop-griechische-kultur.de\/\">Infos<\/a><br \/>\n27. Februar 2018, Deutsch-Griechische-Gesellschaft, <a href=\"https:\/\/www.duesseldorf.de\/vhs\/gesellschaft\/sonderveranstaltungen.html\">D\u00fcsseldorf<\/a><br \/>\n05. M\u00e4rz, 2018, Stadtmuseum Siegburg, Aula<br \/>\n07. M\u00e4rz 2018, Kasinogesellschaft\/VHS Dormagen<br \/>\n10. Oktober 2018, Ermoupolis, Syros (Griechenland)<br \/>\n24. Oktober 2018, Hellasfreunde Bern (Schweiz) <a href=\"http:\/\/www.hellasfreunde.ch\/\">Link:<\/a><br \/>\n30. Oktober 2018, 19.30h, DGG Hannover, <a href=\"https:\/\/www.dgg-hannover.de\/\">Link.<\/a><br \/>\n08. November 2018, 19.00h, Deutsche Hellas Gesellschaft, Bonn, <a href=\"http:\/\/www.deutsche-hellas-gesellschaft.de\/wp\/\">Link.<\/a><br \/>\n28. November 2018, 19.00h, DGG Krefeld, <a href=\"https:\/\/www.dgg-krefeld.de\/\">Link.<\/a> VHS-Link: <a href=\"https:\/\/www.vhsprogramm.krefeld.de\/index.php?id=137&amp;kathaupt=11&amp;knr=S21303&amp;kursname=Syros+Hauptinsel+der+Kykladen&amp;katid=17#inhalt\">hier.<\/a><br \/>\n20. Februar 2019, Kasinogesellschaft\/VHS-Dormagen, <a href=\"http:\/\/www.kasinogesellschaft-dormagen.de\/\">Link.<\/a><br \/>\n28. Februar 2023, 19.30h, DGG Hannover, <a href=\"https:\/\/www.dgg-hannover.de\/\">Link.<\/a><br \/>\n15. Oktober 2025, Deutsch-Griechische-Gesellschaft, <a href=\"https:\/\/www.de-gr-gesellschaft.com\/\">Link<\/a><\/p>\n","protected":false},"excerpt":{"rendered":"<p>Flyer_Seite2&nbsp;&nbsp; Flyer_Seite1 Fotogallerie SYROS: &nbsp;modern &#8211; griechisch &#8211; unbekannt Wie ein riesiges Amphitheater stapeln sich die H\u00e4user von Ermoupolis und Ano Syros den Berg hinauf. Diese Kulisse ist beeindruckend. F\u00fcr viele Reisende ist dies jedoch der einzige Einblick in diese &hellip; <a href=\"https:\/\/foto-spuren.de\/?page_id=1288\">Weiterlesen <span class=\"meta-nav\">&rarr;<\/span><\/a><\/p>\n","protected":false},"author":1,"featured_media":2450,"parent":972,"menu_order":3,"comment_status":"closed","ping_status":"closed","template":"","meta":{"ngg_post_thumbnail":0,"footnotes":""},"class_list":["post-1288","page","type-page","status-publish","has-post-thumbnail","hentry"],"_links":{"self":[{"href":"https:\/\/foto-spuren.de\/index.php?rest_route=\/wp\/v2\/pages\/1288","targetHints":{"allow":["GET"]}}],"collection":[{"href":"https:\/\/foto-spuren.de\/index.php?rest_route=\/wp\/v2\/pages"}],"about":[{"href":"https:\/\/foto-spuren.de\/index.php?rest_route=\/wp\/v2\/types\/page"}],"author":[{"embeddable":true,"href":"https:\/\/foto-spuren.de\/index.php?rest_route=\/wp\/v2\/users\/1"}],"replies":[{"embeddable":true,"href":"https:\/\/foto-spuren.de\/index.php?rest_route=%2Fwp%2Fv2%2Fcomments&post=1288"}],"version-history":[{"count":76,"href":"https:\/\/foto-spuren.de\/index.php?rest_route=\/wp\/v2\/pages\/1288\/revisions"}],"predecessor-version":[{"id":3573,"href":"https:\/\/foto-spuren.de\/index.php?rest_route=\/wp\/v2\/pages\/1288\/revisions\/3573"}],"up":[{"embeddable":true,"href":"https:\/\/foto-spuren.de\/index.php?rest_route=\/wp\/v2\/pages\/972"}],"wp:featuredmedia":[{"embeddable":true,"href":"https:\/\/foto-spuren.de\/index.php?rest_route=\/wp\/v2\/media\/2450"}],"wp:attachment":[{"href":"https:\/\/foto-spuren.de\/index.php?rest_route=%2Fwp%2Fv2%2Fmedia&parent=1288"}],"curies":[{"name":"wp","href":"https:\/\/api.w.org\/{rel}","templated":true}]}}